, 643
What are the prime factors of (3/63*469 - -1)*159/1?
2, 5, 7, 53
Let y(c) = c**2 + 14*c - 13. Let a be y(-16). Let k(i) = -i**3 + 18*i**2 + 47*i - 55. What are the prime factors of k(a)?
3, 53
Let m(v) = -v**2 - 11*v - 35. Let y be m(-3). Let s(b) = 0*b - 3 - 14 - 7*b. List the prime factors of s(y).
2, 3, 5
Let b(q) = -3*q - 3*q - 14 - q + 10*q**2 - 10. Let l(a) = -a**2 + 18*a - 3. Let m be l(18). List the prime factors of b(m).
3, 29
Let j(k) = k**3 - 12*k**2 - 13*k - 2. Let o be j(13). List the prime factors of ((-40)/6)/o*(-2790)/(-20).
3, 5, 31
Let p = -3403 - -9917. Suppose 9 = 2*a + a, -3*a = 5*z - p. List the prime factors of z.
1301
Let v(z) = 7*z. Let t be 9/(3/(-36)*-3). Let l be (4 + t/(-8))*-12. What are the prime factors of v(l)?
2, 3, 7
Let l be 1 + 0 - 0/1. Let f = -705 - -780. What are the prime factors of (f/(-6) + l)/((-9)/54)?
3, 23
Let b = -1274 + 427. List the prime factors of (-591811)/b - (-1)/((-14)/(-4)).
3, 233
Let b(y) = 277*y**2 + 7*y + 71. List the prime factors of b(6).
5, 2017
Suppose -39*a + 232369 = -28385. What are the prime factors of a?
2, 3343
Suppose 37 = -4*b + 2*t + 571, 4*b = 5*t + 525. List the prime factors of b.
3, 5
Let c(f) be the second derivative of 19/2*f**2 + 0 + 1/6*f**3 + 11*f. What are the prime factors of c(21)?
2, 5
Suppose 307*j - 300*j = 13377. Suppose -12*s - 147 = -j. List the prime factors of s.
3, 7
Let n = -14 - -18. Suppose 920 = n*f - 1776. List the prime factors of f.
2, 337
Suppose -f - 5*g = -1815, -12*f = -9*f - 2*g - 5377. List the prime factors of f.
5, 359
What are the prime factors of (-7 - -1)*-1 + 92394/9*3?
2, 3, 17, 151
What are the prime factors of (22/473 - (-405)/(-387))*-27106?
2, 13553
Suppose 29*z + 3 = 26*z. What are the prime factors of z*(-2 + 20/8)*-178?
89
Let i(d) = 55*d**2 - 305*d - 27. List the prime factors of i(13).
5303
Let n(z) = z**3 - 9*z**2 - 7. Suppose 3*b + 3 = 0, 0 = -4*r + 5*b + 25 + 16. Let d be n(r). Let c = 2 - d. What are the prime factors of c?
3
Suppose l + 48360 = 4*q, 13*l = 12*l + 4. List the prime factors of q.
107, 113
Suppose -7*s + 4*s + 104764 = s. What are the prime factors of s?
11, 2381
Let a(w) = 35*w - 2. Suppose 23 = 5*g + 8. Let c be a(g). Let x = c - 58. What are the prime factors of x?
3, 5
Suppose -2*t - 2*j + 1952 = -1464, -j = 4. Let w = -772 + t. List the prime factors of w.
2, 5, 47
Let v = 643 - 624. Let y(m) = 12*m - 133. List the prime factors of y(v).
5, 19
Suppose -53*i - 8029 = -54*i. What are the prime factors of i?
7, 31, 37
Let k(q) = 5*q + 124. Let u be k(-24). Suppose 0 = u*s - 5*y - 135, y = 3*s + 6*y - 110. List the prime factors of s.
5, 7
Let t = -24 + 10. Let w = t + 16. Suppose p + w*p = l + 174, 0 = 5*p + l - 290. List the prime factors of p.
2, 29
Suppose -3*f + 5*w + 5 = 0, 13 = -3*f - 5*w + 8. Suppose 18*z - 2934 = -f*z. What are the prime factors of z?
163
Suppose -4*q - 3396 = 5*x, -5*q = -4*q + 4*x + 838. What are the prime factors of 3 - 5 - (q - 3 - 3)?
2, 3, 11, 13
Suppose -10*p - 3*p + 130026 = 0. List the prime factors of p.
2, 3, 1667
Let s(n) = 67*n + 256. Let k be s(-30). Let x = -183 - k. List the prime factors of x.
1571
Suppose 7 + 1 = -4*v - 4*l, 0 = -v + 5*l + 28. List the prime factors of (1/v)/((-3)/(-2349)).
3, 29
Suppose -4*l + 70157 = 3*h - 134371, 102266 = 2*l + 2*h. What are the prime factors of l?
3, 13, 19, 23
Let b(g) = 6*g**2 + 4*g - 4. Let s be b(-6). Let q be -9*(-3)/27 - -2. Suppose -q*u + s = u. List the prime factors of u.
47
Let u(o) = 2173*o - 196. What are the prime factors of u(2)?
2, 5, 83
Suppose -7*p + 5 = -16. Suppose p*l = 5*o + 4*l - 1795, 0 = -4*o + 3*l + 1417. What are the prime factors of o?
2, 179
Suppose 0 = -5*m + h + 33408, -47*h = 2*m - 50*h - 13358. List the prime factors of m.
2, 13, 257
Let o(q) = 8*q + 9. Let u(z) = 1. Let x = -69 + 68. Let s(t) = x*o(t) + 6*u(t). List the prime factors of s(-5).
37
What are the prime factors of (1479/(-24) - (-10)/80)*-30?
3, 5, 41
Suppose 128161 = 34*h - 11817. Suppose 9*t + 157 = h. What are the prime factors of t?
2, 5, 11
Let s be ((-14)/6)/(3 + 70/(-24)). Let t(g) = g**3 + 29*g**2 + 17*g + 16. List the prime factors of t(s).
2, 3
Let i = 40 + -38. Let v(b) = 31*b + 7. Let s be v(i). Suppose s*c - 74*c = -160. What are the prime factors of c?
2
Suppose 0 = 9*w - 5*w - 2612. Let k = w - 232. List the prime factors of k.
421
Let g(c) = 50*c**2 - 10*c - 40*c**2 + 123 - 9*c**2. What are the prime factors of g(17)?
2, 11
Suppose -5*y + 11 = k, 5*k - k - 8 = -2*y. Suppose 3*f + f = -y*i + 270, f + 495 = 4*i. What are the prime factors of i?
5
Suppose 3644 = b + 2*c, 20*b + 18227 = 25*b + 3*c. List the prime factors of b.
2, 1823
Suppose 3*n - 5 = -2*n, 0 = -5*a + 2*n + 68. Let z be (-6)/a + (4251/21 - 0). Suppose h - z = -h. What are the prime factors of h?
101
Let v(q) = q + 16. Let m be v(0). Let l = 1441 + -1421. Suppose b + m = 2*g, g + 7 - l = -2*b. What are the prime factors of g?
3
Suppose 3*s - 672 = -7812. What are the prime factors of 138/7*s/(-255)?
2, 23
What are the prime factors of (-9*1*(-2)/10)/((-1270)/(-8782050))?
3, 461
Suppose 2*w = -146*a + 145*a + 30993, 2*a + 77496 = 5*w. What are the prime factors of w?
2, 3, 7, 41
Suppose -32*m + 38*m = 6. List the prime factors of 1044/(m + 1) - (41 + -41).
2, 3, 29
Suppose 2*c - 5*i = -6*i - 367, 4*c + 732 = -4*i. List the prime factors of c/1564 - (0 + (-29210)/34).
859
Suppose 0 = 4*u + u + 2*q - 179, -5*q = -u + 52. Let f(x) = -7 + 42*x**3 - u*x**3 + x - x**2 + 0*x**2. What are the prime factors of f(3)?
2, 61
Suppose -139*d + 131*d = 0. Suppose -k - 992 + 1371 = d. List the prime factors of k.
379
Let l = 2107 - -16521. List the prime factors of l.
2, 4657
Let o(z) = -7*z**2 - 33*z + 42. Let c(y) = 12*y**2 + 67*y - 83. Let r(a) = 4*c(a) + 7*o(a). What are the prime factors of r(26)?
2, 31
Suppose -20688 = -3*q - 2*d, 21*q + 5*d - 6909 = 20*q. Suppose 159*n - 150*n - q = 0. List the prime factors of n.
2, 383
Let c(d) = d**2 + 4*d - 51. Let m be c(-10). What are the prime factors of (-7475)/(-15) - (30/m + -4)?
499
Let b(t) = -147*t + 72. Let m be b(-12). Suppose -4*r = -4*a - 2408, 3*r + 0*a = -3*a + m. What are the prime factors of r?
607
Suppose 10 = 5*j - 30. Suppose -12*o + j*o = -400. Suppose 0 = d - 3*d + o. List the prime factors of d.
2, 5
Suppose 7 = -i + s - 3*s, 4*i - 4*s = -4. What are the prime factors of i/27 + 11424/27?
3, 47
Suppose 5236 = 2*u + 5*u. Suppose 0 = 4*k - 3*r - u, -5*k - 3*r + 269 = -639. Suppose b - 5*n = k, -301 = -3*b + 3*n + 251. List the prime factors of b.
2, 23
Let g(z) = z**3 - 15*z**2 - 16*z. Let t be g(16). Suppose t = 12*v - 14*v + 498. What are the prime factors of v?
3, 83
Let r(i) = i + 7. Let w be r(-3). Suppose 1381*v = 1388*v + 7. List the prime factors of 645/w + v/4.
7, 23
Let c(j) = j**3 + 13*j**2 - 12*j + 18. Suppose -39 = 49*f - 46*f. What are the prime factors of c(f)?
2, 3, 29
Let x(d) = 31*d**2 + 4*d - 332. List the prime factors of x(14).
2, 5, 29
Suppose -3*d + s + 32923 = -33081, -d = 4*s - 22036. List the prime factors of d.
2, 5501
Let h(t) = 1275*t**2 + 650*t + 2597. List the prime factors of h(-4).
3, 13, 523
Suppose 4*t = -5*u + 48, -3*u = -7*u - t + 34. Suppose 0 = -u*n + 2752 - 152. List the prime factors of n.
5, 13
Let d be (-30)/(-45)*114/(-4). Let w = d + 23. Suppose 0 = w*j + 8, -j - 290 = -5*n + 127. What are the prime factors of n?
83
Suppose -9022 = -42*t + 40*t. List the prime factors of t.
13, 347
Let k be -174*(5 + -2 + 12/(-9)). List the prime factors of k/(-30)*(0 + 33).
11, 29
Let a be 7/(-1) - 4/((-12)/9)*5. Let y(t) = 3*t - 11. Let i(l) = -2*l + 10. Let h(f) = 4*i(f) + 5*y(f). What are the prime factors of h(a)?
41
Let q be 1 + -1 - ((2 - -54527) + -6). Let p = -31003 - q. What are the prime factors of (p/(-25))/(-8) + 2/5?
2, 59
What are the prime factors of 10/(-84) + (-15)/90 + 3985794/126?
7, 4519
Suppose -26499 = -12*x + 2*r + 14273, 5*x - 16988 = r. List the prime factors of x.
2, 1699
Let b(h) = -h**3 + 16*h + 338. What are the prime factors of b(-18)?
2, 17, 173
List the prime factors of (-6 + 1)/((-225)/633870).
2, 7043
Let j(z) = -1108*z - 195. List the prime factors of j(-9).
3, 3259
Let x(b) = 356*b - 3. Let h be x(1). Suppose s + h = 3*w, s + 2